6?
32
What is the highest common factor of 57 and 285?
57
What is the highest common divisor of 198 and 86?
2
What is the highest common divisor of 37 and 370?
37
What is the highest common factor of 384 and 108?
12
What is the greatest common divisor of 84 and 36?
12
Calculate the highest common factor of 3726 and 92.
46
Calculate the greatest common divisor of 364 and 124.
4
Calculate the highest common factor of 45 and 285.
15
What is the highest common factor of 51 and 272?
17
Calculate the highest common divisor of 189 and 5.
1
What is the highest common factor of 242 and 154?
22
Calculate the highest common factor of 1537 and 106.
53
Calculate the greatest common divisor of 4016 and 16.
16
What is the highest common divisor of 388 and 156?
4
Calculate the highest common factor of 6 and 132.
6
Calculate the greatest common divisor of 132 and 858.
66
Calculate the highest common divisor of 79 and 1.
1
What is the greatest common divisor of 42 and 854?
14
What is the greatest common factor of 72 and 1422?
18
Calculate the highest common divisor of 35 and 35.
35
What is the highest common factor of 1127 and 21?
7
Calculate the highest common divisor of 175 and 448.
7
What is the highest common divisor of 132 and 3?
3
What is the highest common factor of 55 and 14905?
55
What is the highest common factor of 187 and 55?
11
Calculate the greatest common factor of 576 and 128.
64
Calculate the greatest common divisor of 15 and 1905.
15
Calculate the greatest common factor of 170 and 1054.
34
Calculate the highest common factor of 1598 and 170.
34
Calculate the highest common divisor of 56 and 32.
8
What is the greatest common factor of 90 and 250?
10
Calculate the highest common divisor of 77 and 3311.
77
Calculate the greatest common factor of 72 and 168.
24
What is the greatest common divisor of 63 and 3801?
21
Calculate the highest common factor of 62 and 1457.
31
Calculate the highest common factor of 495 and 1287.
99
Calculate the highest common divisor of 4 and 554.
2
Calculate the highest common factor of 50 and 3470.
10
Calculate the highest common factor of 560 and 210.
70
What is the highest common factor of 81 and 63?
9
What is the greatest common divisor of 21 and 651?
21
Calculate the highest common divisor of 76 and 4.
4
Calculate the highest common divisor of 92 and 414.
46
Calculate the greatest common factor of 7990 and 1020.
170
Calculate the greatest common factor of 2485 and 35.
35
What is the greatest common divisor of 4 and 14?
2
Calculate the greatest common factor of 390 and 30.
30
Calculate the greatest common factor of 2936 and 8.
8
What is the greatest common factor of 5516 and 28?
28
Calculate the greatest common divisor of 1 and 83.
1
Calculate the highest common divisor of 152 and 38.
38
Calculate the greatest common divisor of 28 and 77.
7
What is the greatest common divisor of 3434 and 1818?
202
What is the greatest common divisor of 66 and 24?
6
Calculate the greatest common factor of 70 and 56.
14
Calculate the greatest common factor of 342 and 76.
38
Calculate the highest common divisor of 8156 and 4.
4
What is the highest common factor of 5275 and 2743?
211
Calculate the greatest common factor of 6 and 1298.
2
What is the greatest common divisor of 589 and 57?
19
What is the greatest common divisor of 40 and 835?
5
What is the greatest common factor of 4275 and 45?
45
Calculate the highest common divisor of 88 and 55.
11
What is the greatest common factor of 93 and 341?
31
Calculate the greatest common divisor of 26 and 1157.
13
Calculate the highest common factor of 76 and 20.
4
What is the greatest common divisor of 3634 and 1106?
158
Calculate the greatest common factor of 1750 and 14.
14
What is the greatest common factor of 1143 and 54?
9
What is the greatest common factor of 200 and 60?
20
What is the greatest common factor of 437 and 230?
23
What is the highest common factor of 598 and 184?
46
What is the greatest common factor of 693 and 6039?
99
What is the highest common factor of 24 and 776?
8
Calculate the greatest common divisor of 196 and 68.
4
Calculate the highest common factor of 54 and 306.
18
What is the greatest common divisor of 40 and 72?
8
What is the greatest common divisor of 44 and 517?
11
Calculate the highest common factor of 77 and 242.
11
Calculate the highest common divisor of 9564 and 48.
12
What is the greatest common factor of 83 and 5?
1
Calculate the greatest common factor of 5860 and 80.
20
What is the greatest common factor of 1425 and 150?
75
What is the greatest common divisor of 16 and 1064?
8
Calculate the greatest common factor of 22 and 22044.
22
What is the greatest common factor of 1525 and 61?
61
What is the greatest common divisor of 22 and 1177?
11
What is the greatest common divisor of 37664 and 352?
352
Calculate the greatest common factor of 121 and 8107.
121
What is the greatest common divisor of 48 and 4152?
24
What is the highest common divisor of 195 and 375?
15
What is the greatest common factor of 24 and 428?
4
What is the greatest common divisor of 2077 and 837?
31
What is the highest common divisor of 28 and 532?
28
Calculate the greatest common divisor of 6 and 720.
6
Calculate the greatest common divisor of 72 and 2184.
24
What is the greatest common divisor of 1191 and 13?
1
Calculate the highest common divisor of 144 and 1422.
18
Calculate the highest common factor of 41 and 205.
41
Calculate the highest common divisor of 1469 and 26.
13
Calculate the highest common divisor of 7260 and 30.
30
Calculate the highest common factor of 868 and 56.
28
What is the highest common factor of 517 and 94?
47
Calculate the greatest common factor of 12 and 292.
4
Calculate the highest common factor of 20 and 70.
10
What is the greatest common factor of 101 and 36461?
101
Calculate the greatest common factor of 250 and 325.
25
What is the highest common factor of 110 and 33?
11
Calculate the greatest common factor of 2586 and 21.
3
What is the greatest common factor of 1443 and 39?
39
Calculate the highest common divisor of 451 and 287.
41
What is the greatest common divisor of 220 and 300?
20
What is the greatest common factor of 12 and 561?
3
Calculate the greatest common divisor of 7 and 63.
7
Calculate the greatest common factor of 1342 and 488.
122
Calculate the greatest common divisor of 5555 and 404.
101
What is the greatest common factor of 39 and 2418?
39
Calculate the greatest common divisor of 16 and 31.
1
Calculate the highest common divisor of 52 and 117.
13
What is the greatest common divisor of 13771 and 141?
47
Calculate the greatest common divisor of 2262 and 522.
174
What is the greatest common factor of 28 and 28?
28
Calculate the greatest common divisor of 28 and 1967.
7
What is the highest common factor of 1573 and 39?
13
Calculate the greatest common divisor of 576 and 216.
72
Calculate the highest common divisor of 153 and 306.
153
Calculate the greatest common divisor of 45 and 207.
9
What is the greatest common factor of 170 and 306?
34
Calculate the highest common divisor of 198 and 22.
22
What is the greatest common divisor of 644 and 112?
28
What is the highest common divisor of 156 and 108?
12
What is the highest common factor of 98 and 182?
14
Calculate the greatest common factor of 48 and 3.
3
What is the highest common divisor of 11 and 583?
11
Calculate the greatest common divisor of 90 and 690.
30
Calculate the greatest common divisor of 3 and 8.
1
What is the highest common factor of 3075 and 135?
15
Calculate the greatest common factor of 364 and 308.
28
What is the greatest common divisor of 54 and 702?
54
Calculate the greatest common factor of 476 and 140.
28
What is the highest common divisor of 99 and 54?
9
Calculate the greatest common divisor of 17 and 527.
17
What is the highest common factor of 70 and 20?
10
What is the greatest common divisor of 16 and 4632?
8
What is the highest common divisor of 212 and 371?
53
What is the greatest common divisor of 18 and 738?
18
What is the highest common divisor of 23 and 575?
23
What is the highest common factor of 1 and 313?
1
What is the greatest common divisor of 50 and 320?
10
What is the highest common divisor of 98 and 91?
7
What is the greatest common factor of 5922